{"id":396,"date":"2025-02-27T17:15:58","date_gmt":"2025-02-27T17:15:58","guid":{"rendered":"https:\/\/artriedwyl.ch\/?page_id=396"},"modified":"2025-04-24T12:53:34","modified_gmt":"2025-04-24T12:53:34","slug":"zur-person","status":"publish","type":"page","link":"https:\/\/artriedwyl.ch\/?page_id=396","title":{"rendered":"Zur Person"},"content":{"rendered":"\n<div style=\"height:38px\" aria-hidden=\"true\" class=\"wp-block-spacer\"><\/div>\n\n\n\n<a href=\"javascript:history.back()\" class=\"floating-back-button hover-zoom\">\n    <span class=\"arrow-icon\">&lt;<\/span>\n<\/a>\n\n\n\n<h2 class=\"wp-block-heading\"><strong>Zur Person<\/strong><\/h2>\n\n\n\n<div style=\"height:8px\" aria-hidden=\"true\" class=\"wp-block-spacer\"><\/div>\n\n\n\n<hr class=\"wp-block-separator has-text-color has-black-color has-alpha-channel-opacity has-black-background-color has-background is-style-wide\" style=\"margin-top:var(--wp--preset--spacing--30);margin-bottom:var(--wp--preset--spacing--30)\" id=\"vita\"\/>\n\n\n\n<p class=\"has-ast-global-color-0-color has-text-color has-link-color wp-elements-273e04cf367f0c5bd64ffdec464c4b16\" style=\"font-size:20px\"><strong>Vita<\/strong> <strong>und k\u00fcnstliche Biografie<\/strong>:<\/p>\n\n\n\n<div style=\"height:0px\" aria-hidden=\"true\" class=\"wp-block-spacer\"><\/div>\n\n\n\n<details class=\"wp-block-details\"><summary>1946 Am 1. Mai 1946 in Basel geboren<br>1953-58 Primar-Schulen in M\u00fcnchenstein<br>1958-61 Mathematisch-, naturwissenschaftliches Gymnasium, Basel (Zeichen-Elite-Klasse)<br>1961-62 Vorkurs A f\u00fcr Grafik an der Kunstgewerbeschule Basel (Schule f\u00fcr Gestaltung)<br>1962-65 kaufm\u00e4nnische Lehre bei Schappe AG, Basel und Arlesheim<br>1966-71 Textilfachschule Z\u00fcrich und St.Gallen \u2013 Ausbildung zum Textilingenieur HTL<br>1970 Kam als Autodidakt zur Kunstfotografie \u2013 Hauptberuflich in der Textilentwicklung t\u00e4tig<br><mark style=\"background-color:rgba(0, 0, 0, 0);color:#040043\" class=\"has-inline-color is-layout-flow wp-block-details-is-layout-flow\"><strong>[Weiterlesen]<\/strong><\/mark><\/summary>\n<p>1971-84 Mitglied der Gruppe FOTO TEAM 70, Basel \u2013 Intesive Ausstellungs- und Fotowettbewerbst\u00e4tigkeit \u2013 Eigene Galerie in Basel \u201eGalerie TEAM 70\u201c<br>Auszeichnungen wie 1974 Goldener B\u00e4r, Bern, 1975 Soc. Fotografica de Nova Friburgo,<br>Rio de Janero, 1976 Photografic Soc. of China, Taiwan, 1976 Internat. Exh. of Photography,<br>Ceylon, 3. grosser Fotopreis der Schweiz der SBG<br>1980 Gruppenausstellung Basler Fotografen im Ausstellungsraum Basler K\u00fcnstler,<br>Kaserne<br>1981 Intensivierung der fotografischen Bearbeitung ganzer Themen. Erste Einzelausstellung in<br>der Nikon Galerie, Z\u00fcrich.<br>Bildbeitrag in \u201edie grosse Nikon Foto Schule\u201c 1981<br>Hauptberuflich als Damen-Mode-Eink\u00e4ufer t\u00e4tig.<br>1983 Basler Weihnachtsausstellung, Kunsthalle Basel<br>1984 Bildbeitrag in \u201eThe Kodak Encyclopedia of creative Photography\u201c Volume IV, 1984<br>Mitglied des Kunstverein Baselland<br>1986 20. Regionale Kunstausstellung, Kunstverein Baselland, Schappe Arlesheim<br>1988 21. Regionale Kunstausstellung, Kunstverein Baselland, Tramdepot Oberwil<br>1988-96 Ausbildung in Stein-Bildhauerei bei Vaclav Rubesca, Birsfelden<br>1994-heute Arbeit und Ausstellungen \u201esteelsymphony\u201c ein fotografisches Musical<br>1997 Mitbegr\u00fcnder Aktion Kulturbaum M\u00fcnchenstein, zur F\u00f6rderung der Kunst in M\u00fcnchenstein \u2013<br>Anschaffung eines Konzertfl\u00fcgels f\u00fcr das Kultur- und Sport-Zentrum M\u00fcnchenstein \u2013 unter<br>der Initiative von Paula Pakery<br>1998 \u00f6ffentliche Lichtinstallation \u201eKulturbaum-Bl\u00fcten\u201c zur Einweihung des Konzertfl\u00fcgels<br>f\u00fcr das KUSPO Kultur- und Sportzentrum Bruckfeld, M\u00fcnchenstein unter der<br>Gesamtleitung von Paula Pakery<br>2002 Gestaltung des \u201eM\u00fcnggestai\u201c f\u00fcr die B\u00fcrgergemeinde M\u00fcnchenstein. Der \u201eM\u00fcnggestai\u201c<br>ist eine Skulptur, welche als Preis an einen verdienten B\u00fcrger der Gemeinde \u00fcbergeben<br>wird und von der Gemeinde M\u00fcnchenstein erworben wird.<br>Ver\u00f6ffentlichung der Fotobuchlovestorywechselrahmengeschichte \u201esteelsymphony\u201c \u2013 eine<br>Bildersammlung von 20 Prints in einem Wechselrahmen, limitiert auf 200 Exp., nummeriert.<br>2004 Gr\u00f6sste Einzelausstellung \u201ela danse des \u00e9l\u00e9ments\u201c in der Galerie \u201eLa Cave\u201c der<br>Gemeinde Soyhi\u00e8res\/JU<br>2005 Ausstellungen Galerie Erlengut, Steffisburg und Kunst in Reinach\/BL<br>2006 Einladung der Photo M\u00fcnsingen, Ausstellung im Schloss M\u00fcnsingen<br>2007 AV Show in Zusammenarbeit mit Werner Hoffmann und Markus Jaeggi<br>Pr\u00e4sentation an verschieden AV-Festivals in der Schweiz\/Deutschland\/Frankreich\/England<br>2011 Orangerie Gr\u00fcn 80, Br\u00fcglingen, Kulturforum Laufen, Galerie 47 Reinach<br>ewz.selection, Z\u00fcrich \u2013 swiss photo award, Fine Art, Ein Fotograf sieht rot<br>2012 ewz.selection, Z\u00fcrich \u2013 swiss photo award, Fine Art, Trilogie<br>Kunst in Reinach \u2013 Ankauf Bildserie Barrel Blues durch die Gemeinde Reinach<br>2013 Photobastei Z\u00fcrich \u2013 Ein Fotograf sieht rot<br>2014 Ab 2014 j\u00e4hrliche Ausstellungsserie zu Gast bei artriedwyl, in meiner Atelier\/Galerie in<br>M\u00fcnchenstein<br>2017\/18 Fotokurse f\u00fcr die erwachsenen Bildung der Gemeinde Bottmingen<\/p>\n<\/details>\n\n\n\n<div style=\"height:33px\" aria-hidden=\"true\" class=\"wp-block-spacer\"><\/div>\n\n\n\n<hr class=\"wp-block-separator has-text-color has-black-color has-alpha-channel-opacity has-black-background-color has-background is-style-wide\" style=\"margin-top:var(--wp--preset--spacing--30);margin-bottom:var(--wp--preset--spacing--30)\" id=\"statement\"\/>\n\n\n\n<p style=\"font-size:20px\"><strong>Statement zu meinen Arbeiten:<\/strong><\/p>\n\n\n\n<details class=\"wp-block-details\"><summary>Ich m\u00f6chte mit meinen Fotografien, Skulpturen und Licht-Objekten die Sinne<br>f\u00fcr das Sch\u00f6ne um uns herum wecken. Halten Sie die Augen offen und<br>entdecken Sie die Welt der Sch\u00f6pfung \u2013 selbst Abf\u00e4lle f\u00fcr das Recycling sind<br>sch\u00f6n bei immer wieder anderem Tageslicht und Wettereinfluss \u2013 und Sie<br>werden mir beistimmen: unsere Welt ist erhaltenswert!<br>Wenn ich Sie mit meinen Fotografien dazu bewegen konnte, mit offenem Blick<br>das herrliche, allt\u00e4gliche zu geniessen und sich Gedanken zu machen, zu<br>unserer Rohstoffausbeutung, zu unserem Umgang mit Menschen, Tieren,<br>Wegwerfprodukten und dem Aufwand und Energieverbrauch f\u00fcr Recycling,<br>dann habe ich vielleicht auch erreicht, dass Sie die Welt mit anderen Augen<br>sehen. <br><mark style=\"background-color:rgba(0, 0, 0, 0);color:#040043\" class=\"has-inline-color is-layout-flow wp-block-details-is-layout-flow\"><strong>[Weiterlesen]<\/strong><\/mark><\/summary>\n<p>Die aktuelle Corona-Krise hat aufgezeigt, dass wir mit mehr Umsicht mit<br>unseren Mitmenschen, aber auch mit dem Klima, der Denkhaltung anders<br>umgehen m\u00fcssen. Dialoge und Impulse durch die bildende Kunst sind f\u00e4hig,<br>unsere Sicht auf die Dinge anders wahrzunehmen. Dem bereits jetzt wieder<br>von allen Politikern weltweit mit Milliarden Beitr\u00e4gen unterst\u00fctze Hilfe f\u00fcr ein<br>m\u00f6glichst schnelles zur\u00fcck zur WACHSTUMSPOLITIK bedarf unser aller<br>Engagement f\u00fcr eine Wachstums-Reduktion und eine Ressourcenschonendes<br>qualitatives Wachstum, verbunden mit der weltweiten St\u00e4rkung der Bildung.<br>Ich m\u00f6chte nicht schockieren, Medien zeigen gen\u00fcgend schockierende Bilder<br>und wir haben uns schon so daran gew\u00f6hnt, dass diese kaum noch beachtet<br>oder gar etwas zu bewirken verm\u00f6gen.<br>Nein, ich m\u00f6chte mit \u00e4sthetischen Bildern Freude bereiten und gleichzeitig<br>unsere Eigenverantwortung und unseren Respekt vor unserem Lebensraum<br>Erde wachr\u00fctteln.<br>Wenn alle nur ein kleines Bisschen mithelfen, gibt auch dieser kleine Schritt<br>einen riesigen Berg. Einen Berg an Wohlbefinden.<br>Respekt und Bewunderung f\u00fcr die Sch\u00f6pfung sind meine Motivation und<br>zugleich Motiv f\u00fcr die fotografische Arbeit, denn ich glaube fest daran, dass<br>durch Freude und Freude vermitteln, auch mehr Wertsch\u00e4tzung von Mensch<br>zu Mensch m\u00f6glich wird. Daher ist es f\u00fcr mich auch eine Bereicherung, junge<br>Menschen f\u00fcr Fotografie und Kunst zu motivieren und sie bei Ausstellungen<br>unterst\u00fctzend zu beraten.<\/p>\n<\/details>\n\n\n\n<div style=\"height:33px\" aria-hidden=\"true\" class=\"wp-block-spacer\"><\/div>\n\n\n\n<p style=\"font-size:15px\"><\/p>\n\n\n\n<p style=\"font-size:15px\"><\/p>\n\n\n\n<hr class=\"wp-block-separator has-text-color has-black-color has-alpha-channel-opacity has-black-background-color has-background is-style-wide\" style=\"margin-top:var(--wp--preset--spacing--30);margin-bottom:var(--wp--preset--spacing--30)\" id=\"publikationen\"\/>\n\n\n\n<p style=\"font-size:20px\"><strong>Publikationen:<\/strong><\/p>\n\n\n\n<details class=\"wp-block-details\"><summary>In Arbeit.<br><mark style=\"background-color:rgba(0, 0, 0, 0);color:#040043\" class=\"has-inline-color is-layout-flow wp-block-details-is-layout-flow\"><strong>[Weiterlesen]<\/strong><\/mark><br><\/summary>\n<h2 class=\"wp-block-heading has-ast-global-color-0-color has-text-color has-link-color has-medium-font-size wp-elements-f21117deaadcc2868bde1cb18df246ad\"><br><strong>In Buchform<\/strong><\/h2>\n\n\n\n<div class=\"wp-block-media-text is-stacked-on-mobile\" style=\"grid-template-columns:15% auto\"><figure class=\"wp-block-media-text__media\"><img loading=\"lazy\" decoding=\"async\" width=\"113\" height=\"113\" src=\"https:\/\/artriedwyl.ch\/wp-content\/uploads\/2025\/03\/dsdfs.jpg\" alt=\"\" class=\"wp-image-744 size-full\"\/><\/figure><div class=\"wp-block-media-text__content\">\n<p>Die Fotobuchlovestorywechselrahmengeschichte mit 20 Prints Format 17,5 x 22,5 cm aus der Serie steelsymphony part 1 in Alu-Wechselrahmen,<br>Auflage 200 Expl., VP 80.&#8211;<\/p>\n<\/div><\/div>\n\n\n\n<p><br><strong>Weitere:<\/strong><br>Kodak Encyclopedia of creative Photography<br>Die grosse Nikon Fotoschule<br>Herbarium<br>Die Fotobuchlovestorywechselrahmengeschichte mit 20 Prints Format 17,5 x 22,5 cm aus der Serie steelsymphony part 1 in Alu-Wechselrahmen,<br>Auflage 200 Expl., VP 80.&#8211;<br>Die Wasserfarben Dalmatiens<br>Endecken Sie die Vielfalt der Fotografie, Web- Architektur Winsauer, Basel<\/p>\n\n\n\n<div style=\"height:22px\" aria-hidden=\"true\" class=\"wp-block-spacer\"><\/div>\n\n\n\n<hr class=\"wp-block-separator has-text-color has-black-color has-alpha-channel-opacity has-black-background-color has-background is-style-wide\" style=\"margin-top:var(--wp--preset--spacing--30);margin-bottom:var(--wp--preset--spacing--30)\" id=\"ank\u00e4ufe\"\/>\n\n\n\n<h2 class=\"wp-block-heading has-ast-global-color-0-color has-text-color has-link-color has-medium-font-size wp-elements-d1ff3de4ff35bca456ec2056938e1f74\"><br><strong>Diverse Beitr\u00e4ge<\/strong><\/h2>\n\n\n\n<div class=\"wp-block-media-text is-stacked-on-mobile\" style=\"grid-template-columns:15% auto\"><figure class=\"wp-block-media-text__media\"><img loading=\"lazy\" decoding=\"async\" width=\"113\" height=\"113\" src=\"https:\/\/artriedwyl.ch\/wp-content\/uploads\/2025\/03\/sdfsdfs.jpg\" alt=\"\" class=\"wp-image-746 size-full\"\/><\/figure><div class=\"wp-block-media-text__content\">\n<p><br>Anno 15, Das Magazin der Medienjubil\u00e4en \u2013 Institut f\u00fcr Kommunikationswissenschaft der Otto Friedrich-Universit\u00e4t Bamberg<\/p>\n<\/div><\/div>\n\n\n\n<p><br><strong>Weitere:<\/strong><br>im Wochenblatt f\u00fcr das Birseck und Dorneck (Rubrik Schnappschuss)<br>in Fotozeitschriften wie Photoamateur, Film+Foto, Nikon News in B wie Basel<\/p>\n<\/details>\n\n\n\n<div style=\"height:33px\" aria-hidden=\"true\" class=\"wp-block-spacer\"><\/div>\n\n\n\n<hr class=\"wp-block-separator has-text-color has-black-color has-alpha-channel-opacity has-black-background-color has-background is-style-wide\" style=\"margin-top:var(--wp--preset--spacing--30);margin-bottom:var(--wp--preset--spacing--30)\" id=\"ank\u00e4ufe\"\/>\n\n\n\n<p id=\"ank\u00e4ufe\" style=\"font-size:20px\"><strong>Ank\u00e4ufe:<\/strong><\/p>\n\n\n\n<details class=\"wp-block-details\"><summary>In Arbeit.<br><mark style=\"background-color:rgba(0, 0, 0, 0);color:#040043\" class=\"has-inline-color is-layout-flow wp-block-details-is-layout-flow\"><strong>[Weiterlesen]<\/strong><\/mark><br><\/summary>\n<p><\/p>\n\n\n\n<h2 class=\"wp-block-heading has-ast-global-color-0-color has-text-color has-link-color has-medium-font-size wp-elements-6de291e2380c7af42c7f029513553733\"><strong>Ank\u00e4ufe:<\/strong><\/h2>\n\n\n\n<div class=\"wp-block-media-text is-stacked-on-mobile\" style=\"grid-template-columns:15% auto\"><figure class=\"wp-block-media-text__media\"><img loading=\"lazy\" decoding=\"async\" width=\"113\" height=\"113\" src=\"https:\/\/artriedwyl.ch\/wp-content\/uploads\/2025\/03\/bild-2.jpg\" alt=\"\" class=\"wp-image-646 size-full\"\/><\/figure><div class=\"wp-block-media-text__content\">\n<p>Firma M\u00fcller Verpackungen (Empfangsraum)<\/p>\n<\/div><\/div>\n\n\n\n<p><br><strong>Weitere:<\/strong><br>Gemeinde Reinach (Gemeinde-Verwaltung) Privatpersonen, Arzt- und Therapiepraxen,<\/p>\n\n\n\n<hr class=\"wp-block-separator has-text-color has-black-color has-alpha-channel-opacity has-black-background-color has-background is-style-wide\" style=\"margin-top:var(--wp--preset--spacing--30);margin-bottom:var(--wp--preset--spacing--30)\" id=\"publikationen\"\/>\n\n\n\n<div style=\"height:2px\" aria-hidden=\"true\" class=\"wp-block-spacer\"><\/div>\n\n\n\n<div style=\"height:0px\" aria-hidden=\"true\" class=\"wp-block-spacer\"><\/div>\n\n\n\n<h2 class=\"wp-block-heading has-ast-global-color-0-color has-text-color has-link-color has-medium-font-size wp-elements-186bf1ed9201cda8c43cef086f262ac5\"><strong>Auftragsarbeiten:<\/strong><\/h2>\n\n\n\n<div style=\"height:12px\" aria-hidden=\"true\" class=\"wp-block-spacer\"><\/div>\n\n\n\n<div class=\"wp-block-media-text is-stacked-on-mobile\" style=\"grid-template-columns:15% auto\"><figure class=\"wp-block-media-text__media\"><img loading=\"lazy\" decoding=\"async\" width=\"113\" height=\"113\" src=\"https:\/\/artriedwyl.ch\/wp-content\/uploads\/2025\/03\/esdf-2.jpg\" alt=\"\" class=\"wp-image-650 size-full\"\/><\/figure><div class=\"wp-block-media-text__content\">\n<p>B\u00fcrgergemeinde M\u00fcnchenstein (Skulptur M\u00fcnggestai, als Ehrengabe an M. &amp; F. Schlatter, 6. September 2002)<\/p>\n<\/div><\/div>\n\n\n\n<div style=\"height:21px\" aria-hidden=\"true\" class=\"wp-block-spacer\"><\/div>\n\n\n\n<div class=\"wp-block-media-text is-stacked-on-mobile\" style=\"grid-template-columns:15% auto\"><figure class=\"wp-block-media-text__media\"><img loading=\"lazy\" decoding=\"async\" width=\"113\" height=\"113\" src=\"https:\/\/artriedwyl.ch\/wp-content\/uploads\/2025\/03\/fsdf.jpg\" alt=\"\" class=\"wp-image-651 size-full\"\/><\/figure><div class=\"wp-block-media-text__content\">\n<p>Hotel Mercure, Del\u00e9mont (Zimmer 206 Deckeninstallation)<\/p>\n<\/div><\/div>\n\n\n\n<p><br><strong>Weitere:<\/strong><br>Flyer und Plakate f\u00fcr Veranstaltungen (z.B. Theater M\u00fcnchenstein) und\/oder Webauftritte f\u00fcr Privatunternehmungen (z.B. Schreinerei Brunner, Birsfelden oder Fenstergarten)<\/p>\n\n\n\n<p>Brosch\u00fcre f\u00fcr A. Kessler\u2018s nostalgisches Musikparadies<\/p>\n\n\n\n<p>Geburtstagskarten f\u00fcr den Schweizer Verein, N\u00fcrnberg<\/p>\n\n\n\n<p><\/p>\n\n\n\n<hr class=\"wp-block-separator has-text-color has-black-color has-alpha-channel-opacity has-black-background-color has-background is-style-wide\" style=\"margin-top:var(--wp--preset--spacing--30);margin-bottom:var(--wp--preset--spacing--30)\" id=\"publikationen\"\/>\n\n\n\n<h2 class=\"wp-block-heading has-ast-global-color-0-color has-text-color has-link-color has-medium-font-size wp-elements-6ee209d69035bfc07c704fef60b663f7\"><br><strong>Arbeiten im \u00f6ffentlichen Raum<\/strong><\/h2>\n\n\n\n<div class=\"wp-block-media-text is-stacked-on-mobile\" style=\"grid-template-columns:15% auto\"><figure class=\"wp-block-media-text__media\"><img loading=\"lazy\" decoding=\"async\" width=\"113\" height=\"113\" src=\"https:\/\/artriedwyl.ch\/wp-content\/uploads\/2025\/03\/sdfsdf-1.jpg\" alt=\"\" class=\"wp-image-654 size-full\"\/><\/figure><div class=\"wp-block-media-text__content\">\n<p>Lichtorgel zur Einweihung des Kultur- und Sportzentrum, M\u00fcnchenstein (Projekt Kulturbaum Leitung P. Pakery, Sound-Technik HP Br\u00fchlhart, Design und Lichter P. Riedwyl)<\/p>\n<\/div><\/div>\n<\/details>\n\n\n\n<div style=\"height:84px\" aria-hidden=\"true\" class=\"wp-block-spacer\"><\/div>\n\n\n\n<p><\/p>\n","protected":false},"excerpt":{"rendered":"<p>Ein Text zu &#8222;Vita&#8220;.<\/p>\n","protected":false},"author":2,"featured_media":0,"parent":0,"menu_order":0,"comment_status":"closed","ping_status":"closed","template":"","meta":{"site-sidebar-layout":"default","site-content-layout":"","ast-site-content-layout":"","site-content-style":"default","site-sidebar-style":"default","ast-global-header-display":"","ast-banner-title-visibility":"","ast-main-header-display":"","ast-hfb-above-header-display":"","ast-hfb-below-header-display":"","ast-hfb-mobile-header-display":"","site-post-title":"disabled","ast-breadcrumbs-content":"","ast-featured-img":"","footer-sml-layout":"","theme-transparent-header-meta":"","adv-header-id-meta":"","stick-header-meta":"","header-above-stick-meta":"","header-main-stick-meta":"","header-below-stick-meta":"","astra-migrate-meta-layouts":"default","ast-page-background-enabled":"default","ast-page-background-meta":{"desktop":{"background-color":"var(--ast-global-color-5)","background-image":"","background-repeat":"repeat","background-position":"center center","background-size":"auto","background-attachment":"scroll","background-type":"","background-media":"","overlay-type":"","overlay-color":"","overlay-opacity":"","overlay-gradient":""},"tablet":{"background-color":"","background-image":"","background-repeat":"repeat","background-position":"center center","background-size":"auto","background-attachment":"scroll","background-type":"","background-media":"","overlay-type":"","overlay-color":"","overlay-opacity":"","overlay-gradient":""},"mobile":{"background-color":"","background-image":"","background-repeat":"repeat","background-position":"center center","background-size":"auto","background-attachment":"scroll","background-type":"","background-media":"","overlay-type":"","overlay-color":"","overlay-opacity":"","overlay-gradient":""}},"ast-content-background-meta":{"desktop":{"background-color":"var(--ast-global-color-4)","background-image":"","background-repeat":"repeat","background-position":"center center","background-size":"auto","background-attachment":"scroll","background-type":"","background-media":"","overlay-type":"","overlay-color":"","overlay-opacity":"","overlay-gradient":""},"tablet":{"background-color":"var(--ast-global-color-4)","background-image":"","background-repeat":"repeat","background-position":"center center","background-size":"auto","background-attachment":"scroll","background-type":"","background-media":"","overlay-type":"","overlay-color":"","overlay-opacity":"","overlay-gradient":""},"mobile":{"background-color":"var(--ast-global-color-4)","background-image":"","background-repeat":"repeat","background-position":"center center","background-size":"auto","background-attachment":"scroll","background-type":"","background-media":"","overlay-type":"","overlay-color":"","overlay-opacity":"","overlay-gradient":""}},"footnotes":""},"class_list":["post-396","page","type-page","status-publish","hentry"],"_links":{"self":[{"href":"https:\/\/artriedwyl.ch\/index.php?rest_route=\/wp\/v2\/pages\/396","targetHints":{"allow":["GET"]}}],"collection":[{"href":"https:\/\/artriedwyl.ch\/index.php?rest_route=\/wp\/v2\/pages"}],"about":[{"href":"https:\/\/artriedwyl.ch\/index.php?rest_route=\/wp\/v2\/types\/page"}],"author":[{"embeddable":true,"href":"https:\/\/artriedwyl.ch\/index.php?rest_route=\/wp\/v2\/users\/2"}],"replies":[{"embeddable":true,"href":"https:\/\/artriedwyl.ch\/index.php?rest_route=%2Fwp%2Fv2%2Fcomments&post=396"}],"version-history":[{"count":44,"href":"https:\/\/artriedwyl.ch\/index.php?rest_route=\/wp\/v2\/pages\/396\/revisions"}],"predecessor-version":[{"id":1021,"href":"https:\/\/artriedwyl.ch\/index.php?rest_route=\/wp\/v2\/pages\/396\/revisions\/1021"}],"wp:attachment":[{"href":"https:\/\/artriedwyl.ch\/index.php?rest_route=%2Fwp%2Fv2%2Fmedia&parent=396"}],"curies":[{"name":"wp","href":"https:\/\/api.w.org\/{rel}","templated":true}]}}